ctors of c?
2, 5
Let f(c) = 2*c - 12. Suppose 10 = -4*d + 42. List the prime factors of f(d).
2
Let n(t) = 2 + 3*t + 1 + 36 - 4*t. Let f be n(0). Suppose 0 = -4*r + 12, -f = -a - 2*a - r. What are the prime factors of a?
2, 3
Let c = 4 + -1. Suppose -f + 2*f + 30 = 5*h, 0 = -c*h + f + 20. What are the prime factors of h?
5
Let z(s) = 0 - 1 + 3*s + 0 + 2. Let o be z(-6). Let y = o + 28. What are the prime factors of y?
11
Let w(q) = 15*q + 11. What are the prime factors of w(3)?
2, 7
Let x(t) = 1 + 5*t**3 + 2*t - 2*t. What are the prime factors of x(1)?
2, 3
Let q be 0 + (0 - 2) + -2. Let v(z) = -z**2 - 5*z - 1. Let g be v(q). Suppose 3*c - 6*c = -x + 16, -g*x - 2*c = -15. List the prime factors of x.
7
Let c = -60 + 247. What are the prime factors of c?
11, 17
Let n = 72 + -40. List the prime factors of n.
2
Let w(d) = -6*d - 2. Let j be w(-3). Suppose -3*a + j = -8. What are the prime factors of a?
2
Suppose -7*u = -474 - 16. What are the prime factors of u?
2, 5, 7
Let z = -174 + 299. What are the prime factors of z?
5
Suppose 2*a = 3*s - 19, -5*s + 2*a = -2*a - 35. Let v(l) = l**3 - 2*l**2 - 2*l + 1. Let x be v(s). Let g = x + 12. What are the prime factors of g?
2
Suppose 0*a + 3*a - 8 = -2*p, 0 = 2*a. Suppose b + 5*n + 43 = 2*b, p*b = -5*n + 47. List the prime factors of b.
2, 3
Suppose 0 = 2*i - 5*i - 6. Let n = i + 1. List the prime factors of 2 - (-8 + 0/n).
2, 5
What are the prime factors of (2 - 3)/((-1)/79)?
79
Suppose -x + 0 = 1. Let p be (0 - x) + -3 + 22. Let h = p - 10. List the prime factors of h.
2, 5
Let v(m) = m**3 - 3*m**2 - 3*m. Let q be v(4). Suppose -11 = -2*c + c - y, -4*c + q*y + 4 = 0. List the prime factors of c.
2, 3
Suppose 2*l - 119 = 5*g + 56, 5*l - 2*g = 448. Suppose -4*a - a = -l. What are the prime factors of a?
2, 3
Let r = 81 - 15. What are the prime factors of r?
2, 3, 11
List the prime factors of 4/(-26) - 428/104*-10.
41
What are the prime factors of 20 - (-4)/8*4?
2, 11
Suppose -3*t = -3*q + 57, 2*t + 2*t = -2*q + 26. Let a = 1 - q. Let d = a - -25. What are the prime factors of d?
3
List the prime factors of (-34 - -28)*43*-1.
2, 3, 43
Let l be 4*(-6)/(-3) + -3. Suppose -k = 4, 4*k = -l*f + k + 78. What are the prime factors of f?
2, 3
Let o = -140 + 243. What are the prime factors of o?
103
Let f = -12 + 6. Let t = f - -9. List the prime factors of 11/3*t - 0.
11
Let v(g) = -g**2 + 6*g - 7. Let o be v(5). List the prime factors of (-2)/1*10/o.
2, 5
Suppose -2*p = 5*j + 23, 0 = 4*p - j + 3*j + 22. Let v = p + 7. Suppose -v = -3*t + 3. What are the prime factors of t?
2
Suppose 12*n = 8*n + 372. What are the prime factors of n?
3, 31
Suppose 4*w = 2*n - 20, 4*n = -w - 0 - 5. What are the prime factors of (n - 34)*(-3)/2?
3, 17
Suppose -2*q - 2*u = 36, -5*u = 2*q + 33 + 15. Let o(p) = p**3 - 17*p**2 + 16*p + 20. Let x be o(16). Let t = x + q. List the prime factors of t.
2, 3
Suppose -4*x - g + 29 = -x, -g + 11 = x. Suppose -5*l + x*l = 84. What are the prime factors of l?
3, 7
Let z(d) = 4*d**3 - 3*d**2 - 1 + 2*d + 0*d + 2*d**2. Suppose -7 = -3*f - 4. What are the prime factors of z(f)?
2
List the prime factors of 12/8 - 0 - 538/(-4).
2, 17
Let h(l) = 0*l**2 + 0 + 2*l + 0*l**2 - 5 + l**2. What are the prime factors of h(-6)?
19
Let h = -15 - -29. Suppose 2*d - h = 4. What are the prime factors of d?
3
Let o be 7*-1 - (1 - 2). Let j be (-74)/8 + o/8. Let k = -3 - j. List the prime factors of k.
7
Let v be 12/(-16)*16/(-6). Suppose 3*i + 3*t - t = 82, -v*i = -5*t - 61. What are the prime factors of i?
2, 7
Suppose -4*h + 7*h = -3. Let s = h - -3. Let v(d) = 2*d**3 - 2*d**2 - d + 2. What are the prime factors of v(s)?
2
Suppose 3311 + 1324 = 15*o. List the prime factors of o.
3, 103
Let g(f) = 75*f**2. Let b be g(-1). Suppose -2*s + b = 2*d - 71, 3*s + 201 = 3*d. Suppose 0*z + 5*z = d. List the prime factors of z.
2, 7
Let p(v) = 26*v**2 + v + 1. List the prime factors of p(-2).
103
Suppose 2*u - 3*j - 31 = 0, 10 = 5*u + 2*j - 115. List the prime factors of u.
23
Suppose 4*h = 2*y - 28, -2*h - 2 + 8 = 4*y. Let a(v) = -3*v + 5. List the prime factors of a(h).
2, 5
Let x(f) be the first derivative of f**5/20 - f**4/12 + f**3/6 + 2*f**2 - f + 1. Let u(z) be the first derivative of x(z). What are the prime factors of u(0)?
2
Let y(o) = 5*o**2 + 4*o - 2. What are the prime factors of y(-4)?
2, 31
Let k(n) = -n**2 - 15*n - 2. List the prime factors of k(-12).
2, 17
Let l(o) = o**3 + o**2 + o - 4. Let k be l(0). Let n = k - -7. Suppose -3*d = j - 6*j + 27, n*j - 5*d = 13. List the prime factors of j.
2, 3
Let l(y) = y**3 - 6*y**2 + 4*y - 4. Let i be l(6). Suppose t + 2 = -4*v, 0 = -t + 3*t - 4*v - i. List the prime factors of t.
2, 3
Suppose 0 = i + 7*d - 2*d - 148, -3*i = -d - 524. What are the prime factors of i?
173
Suppose -89*s + 85*s = -172. List the prime factors of s.
43
Let y(l) = 2*l + 5. Let c be y(-3). Suppose 5 = 2*v + 1. Let u = v - c. List the prime factors of u.
3
Let d(g) = -4 - 10*g + 2*g - 1 - 1 + g**2. Suppose -6*b + 9 = -5*b. What are the prime factors of d(b)?
3
Suppose -16*z + 327 = -13*z. What are the prime factors of z?
109
Let p(q) = 7*q**3 + q**2 + q + 2. List the prime factors of p(3).
7, 29
What are the prime factors of ((-10)/(-8))/(1 - 1135/1140)?
3, 5, 19
Let g be 103/7 + (-18)/(-63). Suppose l = -3*l - 3*d + 15, -g = -l + 3*d. List the prime factors of l.
2, 3
Let a(q) = -q**2 + 9*q - 12. What are the prime factors of a(7)?
2
Suppose 6 = 4*v - 10, 2*g - 26 = -4*v. Suppose -g*q + q = -48. List the prime factors of q.
2, 3
Let w(a) = -a**2 - 5*a - 2. Let r(x) = 0 + 2*x + 7 - 4. Let j be r(-3). What are the prime factors of w(j)?
2
Let u(w) = -w**3 - 7*w**2 + 9*w + 4. Let m be u(-8). Let l(v) = -6*v. What are the prime factors of l(m)?
2, 3
Suppose 9 - 157 = -4*s. What are the prime factors of s?
37
List the prime factors of (-6936)/(-33) - 28/154.
2, 3, 5, 7
Let o = -59 + 87. Suppose 3*h + h - 12 = 0, o = 2*g + 2*h. List the prime factors of g.
11
Suppose -10*o + 258 + 352 = 0. What are the prime factors of o?
61
Suppose -26 = -4*b + 2*b. What are the prime factors of b?
13
Let l be (-1 + -6)*-13 - -1. Let f = l - 11. List the prime factors of (-1)/(-4) - f/(-12).
7
Let h(j) = -7*j**3 - j**2 + j - 1. Let b be h(-2). Let v = b + -28. Suppose -4*w + 11 = -v. What are the prime factors of w?
2
List the prime factors of 4 - (-81 - (4 - 3)).
2, 43
Suppose -x - 3 = -2*x. Suppose -7 = -p - 3*i, 0*i = 3*i - x. Suppose 47 - 3 = p*g. List the prime factors of g.
11
Suppose 3*n = -2*n + 315. Suppose 2*v + v - n = 0. What are the prime factors of v?
3, 7
Suppose 4*j - 469 + 13 = 0. List the prime factors of j.
2, 3, 19
Let o be ((-10)/(-4))/((-2)/(-4)). Suppose 10 = 2*a, -5*q + q - o = -5*a. What are the prime factors of q?
5
Let l(r) = 3*r**2 + 3*r + 3. List the prime factors of l(-3).
3, 7
Suppose 5*f - 3*w - 672 = 0, 6*w - 3*w = -2*f + 273. Suppose -4*r - 6*t + 104 = -2*t, 4*t = -5*r + f. What are the prime factors of r?
31
Let b be (4/3)/(4/(-18)). Let n = 3 + b. Let q = 7 - n. What are the prime factors of q?
2, 5
Suppose -4*z + 6*z - 596 = 0. List the prime factors of z.
2, 149
Let n be (1/2*4)/(-2). Let a be (2 - (5 + n)) + -1. What are the prime factors of a/6 - (-19)/2?
3
Suppose 0 = 5*p - 3*l - 234, 2*l + 141 = 3*p - 0*p. List the prime factors of p.
3, 5
Suppose x = 5*q + 3*x - 186, -4*x + 120 = 3*q. What are the prime factors of q?
2, 3
What are the prime factors of 54*((-38)/95 + (-9)/(-10))?
3
Let p be (5 - 2)/(1 + 0). Suppose -w - 3*w = -3*k - 44, -4*w + 44 = p*k. List the prime factors of w.
11
Let u = -1 - -3. Suppose 4*f - u*j = 138, j - 176 = -5*f - 0*j. What are the prime factors of f?
5, 7
Let c(p) = 3*p**3 - 4*p**2 - p + 6. List the prime factors of c(3).
2, 3
Suppose 0 = 5*y - 8 - 182. List the prime factors of y.
2, 19
Let a = 1 + 4. Let o(g) = g**2 - 4*g - 3. Let w be o(a). List the prime factors of w/4*-2 - -3.
2
Let i(v) = -v + 4. Let m be i(0). Suppose 0 = 4*l + m, -13 = -3*a + 2*l + 1. Suppose 44 = a*z + 4. What are the prime factors of z?
2, 5
Let y(z) = 9*z - 8. Let m(p) = 8*p - 8. Let i(n) = -6*m(n) + 5*y(n). Let r be i(-8). What are the prime factors of r/10 + (-2)/10?
3
Let t(o) = o**2 - 10*o - 5. Let f be t(9). Let j = f - -39. List the prime factors of j.